{"id":17,"date":"2024-03-29T11:27:08","date_gmt":"2024-03-29T10:27:08","guid":{"rendered":"https:\/\/abbayedenesle.fr\/?page_id=17"},"modified":"2024-10-17T12:42:56","modified_gmt":"2024-10-17T10:42:56","slug":"accueil","status":"publish","type":"page","link":"https:\/\/abbayedenesle.fr\/","title":{"rendered":"Accueil"},"content":{"rendered":"\n<div class=\"wp-block-cover alignfull\" style=\"min-height:827px\"><span aria-hidden=\"true\" class=\"wp-block-cover__background has-background-dim-0 has-background-dim\"><\/span><img loading=\"lazy\" decoding=\"async\" width=\"2560\" height=\"1548\" class=\"wp-block-cover__image-background wp-image-36\" alt=\"\" src=\"https:\/\/abbayedenesle.fr\/wp-content\/uploads\/2024\/03\/dji_export_1649956921598-scaled.jpg\" style=\"object-position:55% 1%\" data-object-fit=\"cover\" data-object-position=\"55% 1%\" srcset=\"https:\/\/abbayedenesle.fr\/wp-content\/uploads\/2024\/03\/dji_export_1649956921598-scaled.jpg 2560w, https:\/\/abbayedenesle.fr\/wp-content\/uploads\/2024\/03\/dji_export_1649956921598-300x181.jpg 300w, https:\/\/abbayedenesle.fr\/wp-content\/uploads\/2024\/03\/dji_export_1649956921598-1024x619.jpg 1024w, https:\/\/abbayedenesle.fr\/wp-content\/uploads\/2024\/03\/dji_export_1649956921598-768x465.jpg 768w, https:\/\/abbayedenesle.fr\/wp-content\/uploads\/2024\/03\/dji_export_1649956921598-1536x929.jpg 1536w, https:\/\/abbayedenesle.fr\/wp-content\/uploads\/2024\/03\/dji_export_1649956921598-2048x1239.jpg 2048w\" sizes=\"(max-width: 2560px) 100vw, 2560px\" \/><div class=\"wp-block-cover__inner-container is-layout-flow wp-block-cover-is-layout-flow\">\n<div style=\"height:170px\" aria-hidden=\"true\" class=\"wp-block-spacer\"><\/div>\n\n\n\n<div style=\"height:80px\" aria-hidden=\"true\" class=\"wp-block-spacer\"><\/div>\n\n\n\n<div style=\"height:80px\" aria-hidden=\"true\" class=\"wp-block-spacer\"><\/div>\n\n\n\n<p><\/p>\n\n\n\n<h1 class=\"wp-block-heading has-text-align-center has-nv-site-bg-color has-text-color\">Sauvegarde de l&rsquo;Abbaye <br>de Nesle La Reposte<\/h1>\n\n\n\n<div class=\"wp-block-buttons is-content-justification-center is-layout-flex wp-container-core-buttons-layout-1 wp-block-buttons-is-layout-flex\">\n<div class=\"wp-block-button is-style-secondary\"><a class=\"wp-block-button__link has-nv-site-bg-color has-text-color has-background has-link-color wp-element-button\" href=\"https:\/\/abbayedenesle.fr\/?page_id=51\" style=\"background-color:#ac2917\">Pr\u00e9sentation de l&rsquo;association<\/a><\/div>\n\n\n\n<div class=\"wp-block-button is-style-secondary\"><a class=\"wp-block-button__link has-nv-site-bg-color has-text-color has-background has-link-color wp-element-button\" href=\"https:\/\/abbayedenesle.fr\/?page_id=80\" style=\"background-color:#ac2917\">Actualit\u00e9s<\/a><\/div>\n\n\n\n<div class=\"wp-block-button is-style-secondary\"><a class=\"wp-block-button__link has-nv-site-bg-color has-text-color has-background has-link-color wp-element-button\" href=\"https:\/\/abbayedenesle.fr\/?page_id=62\" style=\"background-color:#ac2917\">Historique<\/a><\/div>\n\n\n\n<div class=\"wp-block-button is-style-secondary\"><a class=\"wp-block-button__link has-nv-site-bg-color has-text-color has-background has-link-color wp-element-button\" style=\"background-color:#ac2917\">Gallerie Photos<\/a><\/div>\n\n\n\n<div class=\"wp-block-button is-style-secondary\"><a class=\"wp-block-button__link has-nv-site-bg-color has-text-color has-background has-link-color wp-element-button\" style=\"background-color:#ac2917\">Chantier b\u00e9n\u00e9vole<\/a><\/div>\n\n\n\n<div class=\"wp-block-button is-style-secondary\"><a class=\"wp-block-button__link has-nv-site-bg-color has-text-color has-background has-link-color wp-element-button\" href=\"https:\/\/abbayedenesle.fr\/?page_id=180\" style=\"background-color:#ac2917\" target=\"_blank\" rel=\"noreferrer noopener\">Nous aider<\/a><\/div>\n<\/div>\n<\/div><\/div>\n\n\n\n<p><a href=\"https:\/\/sketchfab.com\/3d-models\/abbaye-de-nesle-la-reposte-0a4bb76add03488b8d28dd6d698e464d?utm_medium=embed&amp;utm_campaign=share-popup&amp;utm_content=0a4bb76add03488b8d28dd6d698e464d\" target=\"_blank\" rel=\"noreferrer noopener\">Abbaye de Nesle-la- Reposte<\/a> by <a href=\"https:\/\/sketchfab.com\/dronesbtp?utm_medium=embed&amp;utm_campaign=share-popup&amp;utm_content=0a4bb76add03488b8d28dd6d698e464d\" target=\"_blank\" rel=\"noreferrer noopener\">Caroline Thibault Architecte C.T.A<\/a> on <a href=\"https:\/\/sketchfab.com?utm_medium=embed&amp;utm_campaign=share-popup&amp;utm_content=0a4bb76add03488b8d28dd6d698e464d\" target=\"_blank\" rel=\"noreferrer noopener\">Sketchfab<\/a><\/p>\n\n\n\n<div class=\"sketchfab-embed-wrapper\"> <iframe loading=\"lazy\" title=\"Abbaye de Nesle-la- Reposte\" frameborder=\"0\" allowfullscreen mozallowfullscreen=\"true\" webkitallowfullscreen=\"true\" allow=\"autoplay; fullscreen; xr-spatial-tracking\" xr-spatial-tracking execution-while-out-of-viewport execution-while-not-rendered web-share width=\"1024\" height=\"768\" src=\"https:\/\/sketchfab.com\/models\/0a4bb76add03488b8d28dd6d698e464d\/embed\"> <\/iframe> <p style=\"font-size: 13px; font-weight: normal; margin: 5px; color: #4A4A4A;\"> <a href=\"https:\/\/sketchfab.com\/3d-models\/abbaye-de-nesle-la-reposte-0a4bb76add03488b8d28dd6d698e464d?utm_medium=embed&#038;utm_campaign=share-popup&#038;utm_content=0a4bb76add03488b8d28dd6d698e464d\" target=\"_blank\" rel=\"nofollow noopener\" style=\"font-weight: bold; color: #1CAAD9;\"> Abbaye de Nesle-la- Reposte <\/a> by <a href=\"https:\/\/sketchfab.com\/dronesbtp?utm_medium=embed&#038;utm_campaign=share-popup&#038;utm_content=0a4bb76add03488b8d28dd6d698e464d\" target=\"_blank\" rel=\"nofollow noopener\" style=\"font-weight: bold; color: #1CAAD9;\"> Caroline Thibault Architecte C.T.A <\/a> on <a href=\"https:\/\/sketchfab.com?utm_medium=embed&#038;utm_campaign=share-popup&#038;utm_content=0a4bb76add03488b8d28dd6d698e464d\" target=\"_blank\" rel=\"nofollow noopener\" style=\"font-weight: bold; color: #1CAAD9;\">Sketchfab<\/a><\/p><\/div>\n\n\n\n<p>Mod\u00e9lisation 3D \u00e0 partir des relev\u00e9s photogramm\u00e9triques de Bertrand et Caroline Thibault, <a href=\"https:\/\/dronebtp.fr\/\">dronebtp.fr<\/a>,<br>pour le diagnostic architectural de Guillaume Ull, agence \u00c9ric Pallot, qui a \u00e9t\u00e9 cofinanc\u00e9 par le <strong><a href=\"https:\/\/agriculture.ec.europa.eu\/common-agricultural-policy\/rural-development_en\" target=\"_blank\" rel=\"noreferrer noopener\">Fond Europ\u00e9en pour le d\u00e9veloppement rural<\/a><\/strong> et la <strong>DRAC de la Marne<\/strong><\/p>\n\n\n\n<div class=\"wp-block-columns is-layout-flex wp-container-core-columns-layout-2 wp-block-columns-is-layout-flex\">\n<div class=\"wp-block-column is-layout-flow wp-block-column-is-layout-flow\">\n<div class=\"wp-block-columns is-layout-flex wp-container-core-columns-layout-1 wp-block-columns-is-layout-flex\">\n<div class=\"wp-block-column is-layout-flow wp-block-column-is-layout-flow\">\n<figure class=\"wp-block-image size-large is-resized\"><img loading=\"lazy\" decoding=\"async\" width=\"1024\" height=\"184\" src=\"https:\/\/abbayedenesle.fr\/wp-content\/uploads\/2024\/10\/4-logos-Leader-1024x184.jpg\" alt=\"\" class=\"wp-image-239\" style=\"width:779px;height:auto\" srcset=\"https:\/\/abbayedenesle.fr\/wp-content\/uploads\/2024\/10\/4-logos-Leader-1024x184.jpg 1024w, https:\/\/abbayedenesle.fr\/wp-content\/uploads\/2024\/10\/4-logos-Leader-300x54.jpg 300w, https:\/\/abbayedenesle.fr\/wp-content\/uploads\/2024\/10\/4-logos-Leader-768x138.jpg 768w, https:\/\/abbayedenesle.fr\/wp-content\/uploads\/2024\/10\/4-logos-Leader-1536x276.jpg 1536w, https:\/\/abbayedenesle.fr\/wp-content\/uploads\/2024\/10\/4-logos-Leader.jpg 1724w\" sizes=\"(max-width: 1024px) 100vw, 1024px\" \/><\/figure>\n<\/div>\n<\/div>\n<\/div>\n<\/div>\n","protected":false},"excerpt":{"rendered":"<p>Abbaye de Nesle-la- Reposte by Caroline Thibault Architecte C.T.A on Sketchfab Abbaye de Nesle-la- Reposte by Caroline Thibault Architecte C.T.A on Sketchfab Mod\u00e9lisation 3D \u00e0 partir des relev\u00e9s photogramm\u00e9triques de Bertrand et Caroline Thibault, dronebtp.fr,pour le diagnostic architectural de Guillaume Ull, agence \u00c9ric Pallot, qui a \u00e9t\u00e9 cofinanc\u00e9 par le Fond Europ\u00e9en pour le d\u00e9veloppement&hellip;&nbsp;<a href=\"https:\/\/abbayedenesle.fr\/\" rel=\"bookmark\">Lire la suite &raquo;<span class=\"screen-reader-text\">Accueil<\/span><\/a><\/p>\n","protected":false},"author":1,"featured_media":105,"parent":0,"menu_order":0,"comment_status":"closed","ping_status":"closed","template":"","meta":{"_monsterinsights_skip_tracking":false,"_monsterinsights_sitenote_active":false,"_monsterinsights_sitenote_note":"","_monsterinsights_sitenote_category":0,"neve_meta_sidebar":"full-width","neve_meta_container":"","neve_meta_enable_content_width":"on","neve_meta_content_width":70,"neve_meta_title_alignment":"","neve_meta_author_avatar":"","neve_post_elements_order":"","neve_meta_disable_header":"","neve_meta_disable_footer":"","neve_meta_disable_title":"on","footnotes":""},"folder":[],"_links":{"self":[{"href":"https:\/\/abbayedenesle.fr\/index.php?rest_route=\/wp\/v2\/pages\/17"}],"collection":[{"href":"https:\/\/abbayedenesle.fr\/index.php?rest_route=\/wp\/v2\/pages"}],"about":[{"href":"https:\/\/abbayedenesle.fr\/index.php?rest_route=\/wp\/v2\/types\/page"}],"author":[{"embeddable":true,"href":"https:\/\/abbayedenesle.fr\/index.php?rest_route=\/wp\/v2\/users\/1"}],"replies":[{"embeddable":true,"href":"https:\/\/abbayedenesle.fr\/index.php?rest_route=%2Fwp%2Fv2%2Fcomments&post=17"}],"version-history":[{"count":22,"href":"https:\/\/abbayedenesle.fr\/index.php?rest_route=\/wp\/v2\/pages\/17\/revisions"}],"predecessor-version":[{"id":242,"href":"https:\/\/abbayedenesle.fr\/index.php?rest_route=\/wp\/v2\/pages\/17\/revisions\/242"}],"wp:featuredmedia":[{"embeddable":true,"href":"https:\/\/abbayedenesle.fr\/index.php?rest_route=\/wp\/v2\/media\/105"}],"wp:attachment":[{"href":"https:\/\/abbayedenesle.fr\/index.php?rest_route=%2Fwp%2Fv2%2Fmedia&parent=17"}],"wp:term":[{"taxonomy":"folder","embeddable":true,"href":"https:\/\/abbayedenesle.fr\/index.php?rest_route=%2Fwp%2Fv2%2Ffolder&post=17"}],"curies":[{"name":"wp","href":"https:\/\/api.w.org\/{rel}","templated":true}]}}